ivisor of f and 17?
17
Let r be 0 - 38*-1 - 3. Suppose 5*d - 25 = r. Suppose 24 = 3*g - 12. What is the greatest common divisor of g and d?
12
Let x be 42/(-8) + 2/8 - -1. Let n be 1/2 + (12/6)/x. Suppose 0 = 5*p - n*l - 4*l - 254, -232 = -4*p - 4*l. What is the highest common divisor of 18 and p?
18
Suppose -2*r = -10*r + 40. Suppose r*i = 23 + 377. Suppose i = 5*l + m, 5*l - 5*m = -13 + 93. Calculate the highest common divisor of 16 and l.
16
Let s = -3336 - -3416. Calculate the highest common divisor of 144 and s.
16
Suppose -6*i + 4*g - 35 + 49 = 0, -4*g = -5*i + 11. What is the greatest common divisor of 111 and i?
3
Let n = 6 + -64. Let i = n + 76. Calculate the greatest common divisor of i and 198.
18
Let s = 52 - 35. Suppose s = -2*r + 87. Let c = -448 - -483. Calculate the highest common divisor of c and r.
35
Let k be 160/26 + (-40)/260. Let r be (k + 28)/((5 - 3)/4). Calculate the greatest common divisor of 51 and r.
17
Let i(f) = -12*f - 146. Let z be (-6)/24 + 71/(-4). Let d be i(z). What is the greatest common divisor of 28 and d?
14
Let b(h) = 2*h**2 + 848*h - 7720. Let y be b(9). Let c be 3/9 - (-9764)/12. What is the greatest common divisor of y and c?
74
Suppose -142*s - 2326 + 21070 = 0. Let r = 24 - 12. What is the highest common factor of s and r?
12
Suppose -84 - 57 = -11*q + 90. Calculate the greatest common divisor of q and 11697.
21
Let x = 7081 + -7072. Calculate the greatest common divisor of 51 and x.
3
Let w(d) = 57*d - 510. Let j be w(9). Calculate the greatest common factor of 237 and j.
3
Let l(s) = 2*s**2 + 59*s + 197. Let t be l(-44). Suppose 0 = -z - 3*g + 735, 8*z + 3*g = 6*z + t. What is the greatest common factor of 9 and z?
9
Suppose -13*d + 120 = -14*d. Let c = d - -264. Calculate the highest common divisor of c and 6.
6
Let s(l) = 8*l**2 - 11*l + 1. Let c be s(3). Let n be (8/(-168)*-30)/(2/28). What is the highest common factor of n and c?
20
Let l be (-9)/(-2) + (-196490)/(-140). What is the highest common divisor of 11 and l?
11
Let x be 4 + 3 + -3 - -98. Let c = x + -46. What is the highest common factor of 28 and c?
28
Let z be (-3 - 6/3) + (14 - 7). Suppose 4*t - 4*y + 0 = 196, -z*t = 5*y - 70. Calculate the highest common factor of t and 165.
15
Let r(q) = q**3 - 2*q**2 + 8*q - 3. Let i be r(6). Let n be ((-45)/(-100)*-45)/((-5)/20). What is the highest common factor of n and i?
27
Let m(k) = -k - 10. Suppose 3*x = 6*x + 36. Let r be m(x). Let o(u) = 2*u**3 - u**2 + 3*u - 3. Let j be o(r). What is the greatest common factor of j and 6?
3
Let o = -12 - -9. Let s be 12/o - (-9 + -5). Let x be ((-153)/5)/(-9) - (-6)/s. Calculate the greatest common divisor of 16 and x.
4
Suppose 168 = 13*u - 1. Calculate the highest common factor of u and 3562.
13
Let b(v) = v**3 - 9*v**2 + 16*v - 8. Let m be b(7). Let z be (10/4 + -3)/(2/(-588)). Let u = -81 + z. What is the highest common divisor of m and u?
6
Let v = 377 - 375. Suppose -v*t = 2*p - 3*p + 3, -2*p - t + 1 = 0. What is the highest common divisor of 40 and p?
1
Suppose -18*u + 2434 = -2504 + 2058. What is the greatest common divisor of 5680 and u?
80
Let x = 7675 - 7585. Calculate the highest common divisor of 45 and x.
45
Suppose 0 = 9*l - 6*l - 249. Let q = -62 + l. Calculate the greatest common factor of q and 357.
21
Suppose -53*y = -39*y - 22176. Suppose 107*g - 115*g + y = 0. Calculate the greatest common factor of g and 88.
22
Suppose p + 1091 = i, 0 = -3*i - 2*p + 341 + 2957. What is the greatest common divisor of i and 137?
137
Let q(t) = -4*t - 31. Let b be q(-16). Suppose 2*h = 57 - b. What is the highest common divisor of h and 240?
12
Let p(b) = -89*b**3 + b**2. Let f be p(1). Let s = f - -187. Let d be (25/2 - -1)*(-586)/(-879). What is the highest common divisor of d and s?
9
Let s(y) = 8*y**3 - 14*y**2 + 140*y - 38. Let k be s(19). Calculate the greatest common divisor of k and 30.
30
Let t be (-4)/(-32) + 3090/240. Suppose 2 - 12 = -5*c. Suppose -n = 2*n + c*d - 125, -n = -3*d - 27. Calculate the greatest common divisor of t and n.
13
Let x be 40*(3/2 - 2). Let w = x - -27. Suppose -w*h = -12*h + 405. Calculate the highest common divisor of 9 and h.
9
Suppose 410*f = 400*f + 1630. Calculate the highest common divisor of f and 6357.
163
Let n be (7/7)/(4/60). What is the highest common divisor of n and 921?
3
Suppose 3*g + 4*c - 139 - 73 = 0, -4*g = 2*c - 296. Suppose 0 = -2*q + 2*x + g, 9*x + 147 = 4*q + 10*x. Calculate the greatest common divisor of 111 and q.
37
Suppose 759 = -17*d + 2272. What is the greatest common factor of 3 and d?
1
Let w(h) = -9*h**3 + 2*h**2 + 2*h. Let r = 75 + -77. Let c be w(r). Let z = c - 70. Calculate the greatest common divisor of z and 4.
2
Let f be ((-9)/6)/((-6)/8). Suppose 0 = -3*m - q + 9, -f*m + 5 = -4*q - 1. Suppose 8 - 26 = -m*s. Calculate the greatest common divisor of 18 and s.
6
Suppose 124*a = 11*a + 5593 + 23787. Let f = -74 + 282. Calculate the greatest common factor of f and a.
52
Suppose 13*x - 14*x = 0. Suppose x = -c - c, 3*p - 4*c + 513 = 0. Let w = p + 256. Calculate the highest common divisor of 51 and w.
17
Suppose 31384 = 338*t - 20668. Let m(g) = -g**2 - g + 66. Let q be m(0). Calculate the greatest common divisor of q and t.
22
Suppose 5*n = -2*n + 14. Let a(i) = i**3 + 7*i**2 + 4*i - 3. Let u be a(-6). Suppose 2*g - u*g + 14 = 0. What is the highest common factor of n and g?
2
Let c be -5 + 2 - (1 - -55). Let o = 23 + c. Let z be (3/6)/((-2)/o). Calculate the greatest common divisor of z and 3.
3
Suppose 2*z - 5*l + 0 = -2, -4*z + 5*l + 6 = 0. Let f be (2/z)/(1 + 5/(-10)). Let r be (2/4)/(1/2). What is the highest common factor of r and f?
1
Let s = 4849 + -4630. What is the highest common factor of 584 and s?
73
Let g(p) = -p**3 - 8*p**2 + 9*p - 6. Let d be g(-9). Let z be ((-28)/d)/(1 - (-1)/(-3)). Let l = 26 - z. Calculate the highest common divisor of l and 76.
19
Let n(r) be the first derivative of 8*r**3/3 + 5*r**2/2 + 14*r + 4. Let d be 6*(-1 - (-3 + 3)). Let u be n(d). What is the greatest common factor of 34 and u?
34
Let h be (1 + 0)/((-2)/(-954)). Suppose -h = -4*y - s + 4*s, -4*y + 471 = -s. Suppose 327*i + 1024 = 13777. What is the greatest common divisor of y and i?
39
Let w be (-27)/3*14/(-21). Let p be (-2)/(-3)*45/w. Suppose -3*c = -p*r - 69, 5*c + 2*r = -0*c + 84. Calculate the highest common divisor of c and 12.
6
Suppose 18*r + 294 = 25*r. Suppose v + r = 56. Suppose 22*u - 23*u + v = 0. Calculate the highest common factor of 2 and u.
2
Suppose -30*f = 4*q - 29*f - 366, 5*q = -5*f + 435. What is the highest common divisor of 155 and q?
31
Let x(r) = 347*r**2 - 28*r - 28. Let s be x(-1). Let i = -318 + s. Calculate the greatest common divisor of 783 and i.
29
Let o be (-48)/10*7280/(-546). Calculate the greatest common divisor of o and 4000.
32
Let x be ((-846)/(-16) - 1) + 0 - 2330/(-18640). What is the greatest common factor of 300 and x?
4
Suppose -69*w - 23919 = 12*w - 148*w. Calculate the highest common divisor of w and 9163.
119
Let v = 8 - -32. Suppose 18*x - 20*x + v = 0. Suppose 17*n - 12*n = x. Calculate the highest common divisor of 12 and n.
4
Let b be ((-63)/5)/((-39)/130). Let r be b/28 + (-15)/(-2). What is the highest common factor of 531 and r?
9
Let r(d) = -7*d**3 + d**2 - 3*d - 2. Let h be r(-2). Let i be (-14972)/(-18) - 202/(-909). Calculate the greatest common divisor of h and i.
64
Let d(l) = l + 4. Let b be d(3). Suppose -5*p + b*p + 4*q = 146, -4*p - 2*q = -292. What is the greatest common divisor of 511 and p?
73
Let z = -15 - -30. Let l = 6774 + -6762. Calculate the greatest common factor of z and l.
3
Let j(r) = -r**3 - 42*r**2 - 133*r - 609. Let a be j(-39). Calculate the highest common divisor of a and 1920.
15
Let g be (-390)/(-7) - 4/(-14). Suppose 198 = l + 2*q, 3*l + 2*q - 45 - 545 = 0. What is the highest common factor of g and l?
28
Suppose 60 = -2*q + 4*q + 3*x, 0 = 2*q - x - 68. Suppose 5*k - 35*d + q*d - 88 = 0, 0 = 2*k + 3*d - 20. Calculate the greatest common factor of 304 and k.
16
Suppose -22 + 1822 = 24*o. What is the highest common factor of 7675 and o?
25
Suppose 0 = -j - 4*j + 5. Suppose 0 = 32*g - 19*g - 27*g + 392. What is the highest common divisor of j and g?
1
Let n = -321 - -17. Let a be (2/(-3))/(n/(